27
Calculate the remainder when 20950293 is divided by 116.
113
Calculate the remainder when 255970 is divided by 63875.
470
What is the remainder when 1811247 is divided by 1725?
1722
What is the remainder when 498575 is divided by 13?
12
Calculate the remainder when 4172365 is divided by 905.
315
What is the remainder when 479513 is divided by 17125?
13
What is the remainder when 241025 is divided by 3302?
3281
What is the remainder when 883952 is divided by 14981?
73
Calculate the remainder when 25229 is divided by 816.
749
Calculate the remainder when 2229909 is divided by 9.
6
What is the remainder when 638193 is divided by 1184?
17
What is the remainder when 84726475 is divided by 99?
97
Calculate the remainder when 16873492 is divided by 300.
292
Calculate the remainder when 347951 is divided by 31618.
153
What is the remainder when 58199804 is divided by 194?
192
Calculate the remainder when 57340 is divided by 8184.
52
What is the remainder when 5410 is divided by 1767?
109
What is the remainder when 1097698694 is divided by 50?
44
Calculate the remainder when 914130 is divided by 2356.
2
Calculate the remainder when 4822287 is divided by 2534.
85
What is the remainder when 4885647 is divided by 284?
279
What is the remainder when 532613 is divided by 44364?
245
Calculate the remainder when 2308479 is divided by 192315.
699
What is the remainder when 1282068 is divided by 11447?
4
What is the remainder when 8787695 is divided by 571?
5
Calculate the remainder when 64548 is divided by 5597.
2981
Calculate the remainder when 2951846 is divided by 607.
5
Calculate the remainder when 1236206 is divided by 67.
56
What is the remainder when 8571 is divided by 471?
93
What is the remainder when 21738 is divided by 2439?
2226
What is the remainder when 13169001 is divided by 116?
101
What is the remainder when 17734446 is divided by 93?
90
Calculate the remainder when 46596306 is divided by 5177366.
12
Calculate the remainder when 20258247 is divided by 375.
372
What is the remainder when 125064 is divided by 15624?
72
Calculate the remainder when 1004952 is divided by 334983.
3
Calculate the remainder when 306545 is divided by 38280.
305
What is the remainder when 4970799 is divided by 40?
39
What is the remainder when 85000606 is divided by 96?
94
Calculate the remainder when 13164 is divided by 57.
54
What is the remainder when 8205 is divided by 7959?
246
What is the remainder when 632718 is divided by 4943?
14
Calculate the remainder when 154630489 is divided by 147127.
12
Calculate the remainder when 241525990 is divided by 1038.
1036
Calculate the remainder when 95887 is divided by 47727.
433
What is the remainder when 106959418 is divided by 135?
133
Calculate the remainder when 37865065 is divided by 5409292.
21
Calculate the remainder when 8835743 is divided by 253.
224
Calculate the remainder when 5432585 is divided by 822.
809
Calculate the remainder when 809062968 is divided by 143.
142
Calculate the remainder when 290783 is divided by 12071.
1079
What is the remainder when 667244 is divided by 353?
74
What is the remainder when 271221 is divided by 93?
33
What is the remainder when 14665766 is divided by 10?
6
Calculate the remainder when 60555 is divided by 3773.
187
What is the remainder when 906484 is divided by 678?
676
What is the remainder when 425079 is divided by 22365?
144
What is the remainder when 45816 is divided by 45139?
677
Calculate the remainder when 97224854 is divided by 102.
86
Calculate the remainder when 75328 is divided by 35916.
3496
Calculate the remainder when 598800 is divided by 299349.
102
What is the remainder when 253074176 is divided by 86?
84
What is the remainder when 57991 is divided by 103?
2
What is the remainder when 1901816 is divided by 27562?
38
What is the remainder when 173127 is divided by 1256?
1055
Calculate the remainder when 40800913 is divided by 307.
306
Calculate the remainder when 7765 is divided by 2844.
2077
What is the remainder when 1092874 is divided by 42028?
146
What is the remainder when 278817258 is divided by 2830?
2828
Calculate the remainder when 14090942 is divided by 55.
52
Calculate the remainder when 838657 is divided by 43.
28
Calculate the remainder when 866807 is divided by 37659.
650
What is the remainder when 701167 is divided by 14?
5
What is the remainder when 116059 is divided by 167?
161
What is the remainder when 24848930 is divided by 10371?
14
What is the remainder when 14193369 is divided by 1218?
15
What is the remainder when 201943 is divided by 19770?
4243
What is the remainder when 117221 is divided by 486?
95
What is the remainder when 113935967 is divided by 66?
35
What is the remainder when 297263 is divided by 1011?
29
Calculate the remainder when 40338057 is divided by 407455.
12
What is the remainder when 2433787 is divided by 1216830?
127
What is the remainder when 450962 is divided by 1871?
51
Calculate the remainder when 630519 is divided by 30022.
57
Calculate the remainder when 2881940 is divided by 151.
105
Calculate the remainder when 1371557 is divided by 1884.
5
Calculate the remainder when 126842 is divided by 126660.
182
Calculate the remainder when 8061442 is divided by 110430.
52
Calculate the remainder when 174400 is divided by 1096.
136
What is the remainder when 3442000 is divided by 790?
760
Calculate the remainder when 20334 is divided by 165.
39
Calculate the remainder when 1968130 is divided by 199.
20
What is the remainder when 60121 is divided by 611?
243
Calculate the remainder when 39539116 is divided by 2635941.
1
Calculate the remainder when 30946934 is divided by 3841.
3838
What is the remainder when 318791886 is divided by 337?
333
What is the remainder when 17849827 is divided by 264?
259
Calculate the remainder when 2159500 is divided by 93890.
30
Calculate the remainder when 94337 is divided by 2.
1
What is the remainder when 27987732 is divided by 49889?
3
What is the remainder when 161035813 is divided by 3799?
2
Calculate the remainder when 61731777 is divided by 23.
7
Calculate the remainder when 449539 is divided by 12147.
100
Calculate the remainder when 1177324 is divided by 13848.
244
What is the remainder when 746317 is divided by 770?
187
Calculate the remainder when 68737 is divided by 1562.
9
What is the remainder when 11516831 is divided by 4?
3
What is the remainder when 2517779 is divided by 19670?
19
What is the remainder when 236230 is divided by 4614?
916
Calculate the remainder when 394045 is divided by 10628.
809
What is the remainder when 241092 is divided by 354?
18
What is the remainder when 12101 is divided by 6031?
39
Calculate the remainder when 251114 is divided by 1860.
14
Calculate the remainder when 12288536 is divided by 321.
14
Calculate the remainder when 252080 is divided by 79.
70
Calculate the remainder when 27471296 is divided by 5494245.
71
Calculate the remainder when 215672 is divided by 23785.
1607
What is the remainder when 77562 is divided by 9397?
2386
Calculate the remainder when 1374686 is divided by 3234.
236
What is the remainder when 38555599 is divided by 343?
341
Calculate the remainder when 32837859 is divided by 58.
57
Calculate the remainder when 12532992 is divided by 223803.
24
Calculate the remainder when 4499349 is divided by 99.
96
Calculate the remainder when 23140901 is divided by 4811.
4802
What is the remainder when 690163 is divided by 111?
76
Calculate the remainder when 8828835 is divided by 4.
3
What is the remainder when 101176248 is divided by 25294059?
12
Calculate the remainder when 115665 is divided by 57683.
299
What is the remainder when 179505277 is divided by 3232?
3229
Calculate the remainder when 189845 is divided by 19738.
12203
What is the remainder when 4482796 is divided by 5117?
304
Calculate the remainder when 917760 is divided by 456804.
4152
Calculate the remainder when 9341985 is divided by 301354.
11
Calculate the remainder when 139024 is divided by 3143.
732
What is the remainder when 2885880 is divided by 5356?
4352
What is the remainder when 129504 is divided by 2272?
0
Calculate the remainder when 17568 is divided by 8573.
422
Calculate the remainder when 139412 is divided by 1026.
902
What is the remainder when 6